e?
False
Is 1032418 composite?
True
Is 10289 composite?
False
Is 395727 a composite number?
True
Is 31303 a prime number?
False
Is 4057 a composite number?
False
Is 234043 composite?
False
Is 11083 a prime number?
True
Is 341143 prime?
False
Is 21653 composite?
True
Is 23773 composite?
False
Is 1069 composite?
False
Is 486053 prime?
True
Is 247067 a composite number?
False
Is 45683 prime?
False
Is 14563 a composite number?
False
Is 150869 composite?
False
Is 25423 prime?
True
Is 369703 prime?
True
Is 1528529 a composite number?
False
Is 337453 a prime number?
True
Is 1041 a prime number?
False
Is 1229663 a composite number?
False
Is 8467 composite?
False
Is 591233 a prime number?
True
Is 93 a composite number?
True
Is 86677 prime?
True
Is 12147 a composite number?
True
Is 315641 a composite number?
True
Is 138389 a composite number?
False
Is 64399 prime?
True
Is 342319 composite?
False
Is 30341 composite?
False
Is 200971 prime?
True
Is 672863 a prime number?
True
Is 28129 a composite number?
True
Is 8443 a composite number?
False
Is 2437 composite?
False
Is 1757 prime?
False
Is 690667 prime?
False
Is 23137 a composite number?
True
Is 31687 a composite number?
False
Is 1796209 a composite number?
True
Is 5549 prime?
False
Is 37951 prime?
True
Is 83519 prime?
False
Is 67601 prime?
True
Is 29831 a prime number?
False
Is 23189 composite?
False
Is 6521 composite?
False
Is 701 a composite number?
False
Is 1478549 a prime number?
True
Is 51031 a composite number?
False
Is 5903 composite?
False
Is 3007 a composite number?
True
Is 103769 a prime number?
True
Is 2274683 a prime number?
True
Is 214945 a composite number?
True
Is 3109 a prime number?
True
Is 156581 a composite number?
True
Is 83211 composite?
True
Is 50335 composite?
True
Is 797 a composite number?
False
Is 67619 prime?
True
Is 18977 composite?
True
Is 7993 a prime number?
True
Is 70073 prime?
False
Is 6065 composite?
True
Is 11719 a composite number?
False
Is 103651 prime?
True
Is 2471 prime?
False
Is 3935 composite?
True
Is 207433 a composite number?
False
Is 673667 prime?
True
Is 73111 composite?
True
Is 7737 a prime number?
False
Is 28697 prime?
True
Is 26597 prime?
True
Is 160861 prime?
True
Is 875837 composite?
False
Is 33727 composite?
True
Is 5323 prime?
True
Is 35491 composite?
False
Is 540859 composite?
True
Is 333691 composite?
False
Is 64393 composite?
True
Is 500081 composite?
True
Is 312121 composite?
False
Is 1282 composite?
True
Is 261857 composite?
True
Is 1140861 composite?
True
Is 12399 a prime number?
False
Is 561201 a prime number?
False
Is 12209 composite?
True
Is 193823 prime?
False
Is 511891 a composite number?
False
Is 427213 prime?
True
Is 84739 a composite number?
True
Is 256337 a composite number?
False
Is 394139 prime?
False
Is 797383 prime?
True
Is 3049 prime?
True
Is 14831 composite?
False
Is 190833 a prime number?
False
Is 10223 composite?
False
Is 39821 a prime number?
True
Is 1543 composite?
False
Is 328271 prime?
True
Is 114967 composite?
False
Is 1174591 a prime number?
False
Is 14349 a composite number?
True
Is 48962 a composite number?
True
Is 62851 a prime number?
True
Is 7321 a prime number?
True
Is 20849 prime?
True
Is 14143 prime?
True
Is 18741 a composite number?
True
Is 4007 a composite number?
False
Is 10903 prime?
True
Is 7967 a prime number?
False
Is 80033 composite?
True
Is 10357 a composite number?
False
Is 147929 a composite number?
True
Is 245299 a composite number?
False
Is 88741 a prime number?
True
Is 116713 a composite number?
True
Is 51581 a prime number?
True
Is 186071 a composite number?
False
Is 48053 a composite number?
True
Is 5723 a composite number?
True
Is 35419 composite?
False
Is 4987 prime?
True
Is 32933 composite?
False
Is 686293 a composite number?
False
Is 5630335 a composite number?
True
Is 48593 composite?
False
Is 12611 a prime number?
True
Is 14591 a composite number?
False
Is 25367 a composite number?
False
Is 797343 prime?
False
Is 22141 prime?
False
Is 38297 composite?
True
Is 15709 prime?
False
Is 9533 a prime number?
True
Is 94687 a prime number?
True
Is 190871 composite?
False
Is 18749 a composite number?
False
Is 485 a composite number?
True
Is 784541 prime?
True
Is 241537 prime?
True
Is 371153 a composite number?
False
Is 121083 a composite number?
True
Is 41014 a composite number?
True
Is 3941 a composite number?
True
Is 47599 a prime number?
True
Is 27221 a prime number?
False
Is 6049 a composite number?
True
Is 1056593 a prime number?
False
Is 2053 composite?
False
Is 8543 prime?
True
Is 21657 a prime number?
False
Is 10037 a prime number?
True
Is 48149 prime?
False
Is 455627 a composite number?
False
Is 100649 prime?
True
Is 476287 a composite number?
True
Is 24493 a composite number?
True
Is 881591 prime?
True
Is 37823 a prime number?
False
Is 1060903 a prime number?
False
Is 39409 prime?
True
Is 4464505 a composite number?
True
Is 1207 a prime number?
False
Is 557981 composite?
False
Is 54037 prime?
True
Is 337 prime?
True
Is 600167 composite?
False
Is 1242017 prime?
False
Is 205589 composite?
False
Is 114371 composite?
False
Is 50665 a prime number?
False
Is 958259 prime?
True
Is 336761 prime?
True
Is 13201 composite?
True
Is 163201 composite?
True
Is 2164901 composite?
False
Is 79519 composite?
True
Is 4387 a composite number?
True
Is 91367 prime?
True
Is 59987 a prime number?
False
Is 583579 composite?
True
Is 905 prime?
False
Is 178021 prime?
True
Is 16271 composite?
True
Is 17267 composite?
True
Is 892903 prime?
False
Is 1115 a prime number?
False
Is 9587 a composite number?
False
Is 195343 a prime number?
True
Is 11917 prime?
False
Is 5380361 composite?
True
Is 247667 a prime number?
False
Is 9791 a composite number?
False
Is 69871 prime?
False
Is 54613 composite?
True
Is 2927 a prime number?
True
Is 216347 composite?
False
Is 41077 composite?
False
Is 2707 composite?
False
Is 204783 a composite number?
True
Is 147415 a composite number?
True
Is 26309 prime?
True
Is 87407 prime?
True
Is 6169 a prime number?
False
Is 23189 a composite number?
False
Is 332561 prime?
True
Is 1651 prime?
False
Is 59159 composite?
False
Is 36479 a prime number?
True
Is 1793 a composite number?
True
Is 59966 composite?
True
Is 62297 composite?
False
Is 907 composite?
False
Is 3347 a prime number?
True
Is 6122 composite?
True
Is 1239443 a composite number?
False
Is 3493 prime?
False
Is 23401 a composite number?
True
Is 80021 composite?
False
Is 76811 a composite number?
True
Is 5707 a prime number?
False
Is 88937 a prime number?
True
Is 21871 composite?
False
Is 69283 prime?
False
Is 23297 a composite number?
False
Is 9511 a composite number?
False
Is 1137073 composite?
True
Is 49523 a composite number?
False
Is 24781 prime?
True
Is 2491 composite?
True
Is 1332547 composite?
False
Is 156613 composite?
True
Is 2927 a prime number?
True
Is 1055 prime?
False
Is 102713 composite?
True
Is 4373 composite?
False
Is 9257 a prime number?
True
Is 86837 prime?
True
Is 198761 composite?
False
Is 78521 a composite number?
True
Is 285881 prime?
False
Is 81665 prime?
False
Is 562583 a composite number?
True
Is 1042 a prime number?
False
Is 11695 prime?
False
Is 2055241 composite?
True
Is 1005155 a prime number?
False
Is 12563 composite?
True
Is 9865 composite?
True
Is 296473 composite?
False
Is 23251 prime?
True
Is 55135 prime?
False
Is 4861 a composite number?
False
Is 1831 prime?
True
Is 13841 prime?
True
Is 40213 composite?
False
Is 527441 prime?
True
Is 335537 a composite number?
True
Is 21347 composite?
False
Is 5469 composite?
True
Is 8039 a prime number?
True
Is 38393 composite?
False
Is 5779 composite?
False
Is 8501 a prime number?
True
Is 347 composite?
False
Is 16941 prime?
False
Is 10533 a prime number?
False
Is 203807 composite?
False
Is 238897 a prime number?
True
Is 52937 composite?
False
Is 18947 composite?
False
Is 307561 prime?
False
Is 5515 a composite number?
True
Is 430358 composite?
True
Is 9397 prime?
True
Is 18661 composite?
False
Is 11303 composite?
True
Is 67453 prime?
True
Is 1873673 a composite number?
True
Is 570091 prime?
True
Is 150511 a prime number?
False
Is 548987 prime?
False
Is 3659 prime?
True
Is 13841 composite?
False
Is 12029 a prime number?
False
Is 70891 composite?
False
Is 6563 prime?
True